t n(u) = -u**3 + 35*u**2 - 990*u + 36933. Give n(36).
-3
Let g(v) = v**3 - 323*v**2 - 7289*v - 1249. Calculate g(-21).
116
Let x(s) = -32434*s + 22314602. What is x(688)?
10
Let w(d) = d**3 + 38*d + 179. Calculate w(-8).
-637
Let l(o) = -o**2 + 24352*o - 194734. Give l(8).
18
Let y(d) = 2*d**2 + 556*d + 18852. Calculate y(-239).
210
Let w(y) = 2*y**2 + 89*y - 126. Calculate w(-16).
-1038
Let o(f) = 5767*f - 23167. Give o(4).
-99
Let y(z) = 6*z**2 + 73*z - 27. Give y(-4).
-223
Let a(p) = -6*p**2 + 797*p - 10598. Calculate a(15).
7
Let g(t) = -4*t**2 + 110*t + 155. Determine g(20).
755
Let y(z) = -z**3 - 10*z**2 + 1256*z + 7266. Determine y(-38).
-30
Let r(d) = -216*d**2 + 90291*d - 1257. Determine r(418).
-3
Let b(i) = -302*i**3 - 1066*i**2 + 11*i + 5. Determine b(-4).
2233
Let m(r) = r**3 + 118*r**2 - 628*r - 1599. Give m(-123).
0
Let j(y) = y**2 - 159*y + 5026. What is j(43)?
38
Let w(x) = -4*x**2 - 10*x + 29. What is w(11)?
-565
Let i(n) = 2298*n + 259672. Calculate i(-113).
-2
Let z(f) = f**3 - 238*f**2 + 483*f - 3021. Determine z(236).
-425
Let v(m) = 57*m**2 - 228*m - 277. Calculate v(-1).
8
Let c(i) = 2*i**2 + 272*i - 80582. Calculate c(-280).
58
Let y(w) = -18*w**2 + 1036*w + 229. Determine y(62).
-4731
Let l(n) = 4*n**3 + 119*n**2 + 50*n + 2384. Determine l(-30).
-16
Let o(z) = 1065*z + 4303. What is o(-4)?
43
Let a(u) = -9*u**3 - 138*u**2 + 812*u + 12422. Give a(-15).
-433
Let d(w) = 3077*w**2 - 243120*w + 2931. Determine d(79).
8
Let o(q) = -2*q - 588. What is o(-60)?
-468
Let r(c) = 14*c**3 - 37697*c**2 + 24192*c + 96907. Calculate r(2692).
-5
Let b(p) = -432*p + 163013. Determine b(377).
149
Let h(d) = 553*d - 39031. What is h(74)?
1891
Let q(m) = -m**3 + 4*m**2 + 159*m + 62. What is q(9)?
1088
Let f(y) = -y**2 + 10*y + 444. Determine f(-14).
108
Let w(i) = -8*i**3 - 36*i**2 + 1850*i + 7454. What is w(-4)?
-10
Let d(t) = 187551*t - 47075308. Determine d(251).
-7
Let q(k) = 25*k**2 - 4986*k - 113065. Determine q(220).
15
Let m(p) = -36*p**3 + 314*p**2 + 457*p + 27. Calculate m(10).
-3
Let z(j) = -25*j**2 + 2598*j + 2967. Calculate z(105).
132
Let f(r) = 9205*r + 27744. Give f(-3).
129
Let k(n) = n**3 + 82*n**2 - 222*n - 17633. Calculate k(-82).
571
Let a(r) = 2*r**3 + 224*r**2 + 588*r + 297. Calculate a(-2).
1
Let a(t) = -t**3 - 9*t**2 - 272*t - 102. What is a(0)?
-102
Let l(m) = -4766*m + 2473550. What is l(519)?
-4
Let g(o) = 13195*o**2 + 26395*o + 23. Calculate g(-2).
13
Let p(r) = 43*r**2 - 3542*r + 1405. Give p(82).
93
Let h(m) = 3*m**2 - 18780*m - 851177. What is h(-45)?
-2
Let k(v) = 1198*v + 31044. What is k(-26)?
-104
Let m(v) = v**3 - 45*v**2 - 2357*v + 106278. Calculate m(48).
54
Let z(t) = 13634*t - 27300. Determine z(2).
-32
Let m(n) = -338*n**3 + 5*n**2 + 2*n - 14. Calculate m(-2).
2706
Let v(x) = 184*x + 6234. Give v(-41).
-1310
Let w(v) = -3*v**3 + 8*v**2 + 155*v + 16. Give w(-8).
824
Let u(j) = 186*j**2 + 9845*j - 656. Determine u(-53).
33
Let d(g) = 11*g + 337. Determine d(-48).
-191
Let r(p) = -47527*p - 189842. Calculate r(-4).
266
Let j(b) = -3*b**3 + 7*b**2 + 155*b + 591. Determine j(-4).
275
Let c(t) = -621*t**2 - 68931*t + 3. What is c(-111)?
3
Let p(x) = x**2 + 1668*x + 567372. Calculate p(-476).
-20
Let u(h) = 16*h**2 - 1276*h + 21754. Give u(55).
-26
Let b(r) = 383*r - 10205. Calculate b(26).
-247
Let y(p) = -221*p - 3591. Give y(-26).
2155
Let s(y) = 9*y**2 - 344*y - 381939. Calculate s(226).
1
Let m(c) = 9*c**3 + 41*c**2 - 42*c - 206. Give m(-12).
-9350
Let t(m) = -9*m**2 - 62541*m + 187623. Calculate t(3).
-81
Let l(j) = -j**3 + 187*j**2 - 8570*j + 11032. Determine l(110).
32
Let l(b) = 31960*b - 31839. Determine l(1).
121
Let c(g) = 121442*g + 485828. Calculate c(-4).
60
Let a(s) = -61079*s + 2137798. Give a(35).
33
Let j(y) = 3*y**3 - 1069*y**2 - 22582*y - 35. What is j(-20)?
5
Let f(s) = 2*s**3 + 349*s**2 - 9316*s - 1971. Determine f(-198).
9
Let f(a) = 15*a**3 - 824*a**2 - 395*a + 18644. Calculate f(55).
-56
Let l(w) = w**2 + 42*w - 53343. What is l(-253)?
40
Let g(w) = w**3 + 18*w**2 - 11*w - 6. What is g(-19)?
-158
Let d(z) = -z**3 + 93*z**2 - 262*z + 7314. Determine d(91).
34
Let q(d) = 7*d**3 - 896*d**2 + 890*d - 308. Calculate q(127).
-181
Let z(n) = 12*n**2 + 695*n + 85. What is z(-58)?
143
Let g(u) = 2*u**3 + 471*u**2 - 39780*u - 1184. Give g(66).
4
Let a(u) = -367*u - 32128. Determine a(-87).
-199
Let j(y) = 368*y - 115938. What is j(315)?
-18
Let h(k) = -8043*k - 80455. Determine h(-10).
-25
Let z(o) = o**3 - 3*o**2 + 1557*o - 9362. Determine z(6).
88
Let y(c) = 3365*c + 20338. What is y(-6)?
148
Let p(h) = 6837*h + 34218. Calculate p(-5).
33
Let j(i) = -i**3 + 70*i**2 + 533*i + 121. Determine j(77).
-341
Let b(x) = 2*x**3 + 1038*x**2 - 4183*x + 518. What is b(-523)?
-5
Let r(y) = 2257*y - 176057. Determine r(78).
-11
Let s(b) = -310*b**2 - 95*b + 14. Determine s(1).
-391
Let p(z) = 2904*z - 1510102. What is p(520)?
-22
Let v(m) = 7*m**2 - 28409*m - 284810. Determine v(-10).
-20
Let d(v) = -46568*v - 93149. What is d(-2)?
-13
Let t(w) = w**2 + 7851*w + 289061. Calculate t(-37).
-57
Let w(p) = -534*p + 13985. What is w(26)?
101
Let n(r) = -3*r**2 + 395*r - 7262. Give n(88).
4266
Let x(i) = i**3 - 106*i**2 + 1637*i - 76. Determine x(19).
-380
Let f(x) = x**3 + 114*x**2 + 593*x + 16983. What is f(-110)?
153
Let q(f) = f**3 + 33*f**2 - 34*f + 782. Give q(-36).
-1882
Let m(y) = y**3 - 43*y**2 + 77*y + 672. Calculate m(41).
467
Let s(m) = -21*m**3 - 1490*m**2 + 76*m + 310. Determine s(-71).
-45
Let c(i) = i**2 + 74*i + 1133. What is c(-61)?
340
Let u(n) = 402*n**2 + 132660*n - 127. Determine u(-330).
-127
Let h(d) = -2*d**2 + 745*d - 59685. Calculate h(117).
102
Let x(b) = -2*b**3 - 1322*b**2 - 16887*b - 25264. What is x(-648)?
8
Let c(d) = 124456*d - 2240213. Determine c(18).
-5
Let h(t) = -2243*t - 219781. What is h(-98)?
33
Let u(x) = 727529*x + 8730321. Determine u(-12).
-27
Let u(l) = 107*l - 55312. Calculate u(517).
7
Let m(z) = -z**3 - 8*z**2 - 2287*z - 11360. Determine m(-5).
0
Let k(t) = 246278*t - 492535. Calculate k(2).
21
Let b(a) = -8*a**3 + 9*a**2 + 30*a + 83. Calculate b(-3).
290
Let a(h) = -11*h**2 - 12126*h - 72821. Give a(-6).
-461
Let x(p) = -12567889*p + 75407344. Calculate x(6).
10
Let v(n) = -3*n**3 + 65*n**2 - 117*n + 1400. Give v(21).
-175
Let w(b) = b**3 - 2*b**2 + 24*b + 24. Give w(-7).
-585
Let u(i) = 38*i**3 - 36*i**2 + 41*i. What is u(3)?
825
Let l(g) = 97*g**2 + 1132*g + 58. Determine l(-10).
-1562
Let g(p) = 25968*p - 4596334. Determine g(177).
2
Let m(l) = 4412*l + 154409. What is m(-35)?
-11
Let m(n) = 8922*n + 1445374. Determine m(-162).
10
Let i(q) = -2*q**3 + 96*q**2 - 578*q - 9038. What is i(18)?
-2
Let k(y) = 3*y**2 + 4010*y - 344529. What is k(81)?
-36
Let k(u) = -u**3 - 6*u**2 + 24408*u + 219422. Give k(-9).
-7
Let q(h) = -149*h - 5520. Determine q(-37).
-7
Let y(z) = -7*z**2 + 118*z + 526. Determine y(15).
721
Let p(o) = -20*o**2 + 239*o - 1127. Calculate p(11).
-918
Let i(f) = -2*f**3 - 50*f**2 - 171*f - 160. What is i(-17)?
-1877
Let z(x) = -14*x**3 - 1414*x**2 - 4*x - 399. Calculate z(-101).
5
Let f(s) = s**3 + 25*s**2 + 157*s + 6. What is f(-10)?
-64
Let u(l) = l**3 + 117*l**2 - 4723*l - 569560. Give u(-115).
35
Let j(c) = 3321*c - 1009589. Determine j(304).
-5
Let l(r) = -13*r**3 - 251*r**2 + 732*r - 835. Give l(-22).
1
Let b(p) = -985*p + 742. Calculate b(0).
742
Let p(c) = -5182*c - 1917319. What is p(-370)?
21
Let r(d) = -734*d + 2200. Give r(3).
-2
Let z(v) = 11*v**3 + 1836*v**2 - 167*v + 94. Determine z(-167).
94
Let c(h) = h**3 + 337*h**2 + 26416*h + 481. Give c(-124).
-15
Let a(l) = -1427*l - 697811. What is a(-489)?
-8
Let t(r) = -225*r - 50427. Determine t(-224).
-27
Let r(l) = 29*l**3 + 177*l**2 - 8*l + 103. Give r(-6).
259
Let v(k) = 14*k**2 + 373*k - 3300. Calculate v(9).
1191
Let y(c) = c**3 - 126*c**2 - 484*c - 4625. What is y(130)?
55
Let j(i) = -31*i**2 + 83*i - 219. Give j(5).
-579
Let r(h) = 47*h - 394. Determine r(7).
-65
Let c(g) = -20*g**2 + 5*g + 1957. Give c(10).
7
Let k(g) = 12*g**3 - 172*g**2 - 110*g + 60. Determine k(-1).
-14
Let g(r) = -r**2 + 162*r - 5446. Calculate g(96).
890
Let m(n) = 8*n**2 - 761*n + 237. What is m(93)?
-1344
Let d(z) = 287753*z - 575531. What is d(2)?
-25
Let l(d) = 3*d**3 + 17*d**2 - 3854*d - 268